c**3 + 7*c**2 + 4 + c + w*c**3. Give i(-6).
4
Let o(f) = -2*f**2 - f + 2. Let p be o(0). Let b(l) = 21 + l**p - 36 + 22. Give b(0).
7
Let m be (2 + -2)*(-7 - (-140)/21). Let l(f) = 3*f - 3. Calculate l(m).
-3
Let j(p) = 2*p - 2. Let o be j(2). Suppose 49 = o*n + 5*n. Let w(l) = 3*l**2 + 7*l + 10. Let m(t) = 2*t**2 + 7*t + 9. Let i(s) = 4*m(s) - 3*w(s). Give i(n).
6
Let k = -99 + 105. Let p(f) = -3*f + 6. Determine p(k).
-12
Let b(l) = 9*l**2 - 3 + 0*l**3 + l**3 - 2*l + 4*l**2 - 18*l**2 + 6*l**2. Give b(0).
-3
Let d(k) = k**3 + 10*k**2 + 10*k - 1. Let g be d(-9). Let n(r) = 2*r - 2. What is n(g)?
-22
Let b = 23 + -18. Suppose -2*a = -3*a - b*k + 6, -3*a + 5*k = -18. Let q(d) = a*d + 2*d + 6 + 0 + d**2. Calculate q(-6).
-6
Let o(g) = -4550*g + 1 + 4554*g - 4. Suppose 2*w - 3 = 3. What is o(w)?
9
Let w(y) = y**3 - 2*y**2 - 2*y - 5. Let n(g) = g**3 - g**2 - 2*g - 4. Let a(h) = -4*n(h) + 3*w(h). Let z be -10 + (-10 - -13) + 4. Give a(z).
4
Suppose -108 = -298*f + 316*f. Let p(d) = -d**3 - 6*d**2 + 10*d + 7. Calculate p(f).
-53
Let i = -6 - -8. Let q(g) = -6*g - 4 + 1 - 7*g**3 + g - 2*g**i - 4*g. Let v(h) = -4*h**3 - h**2 - 5*h - 2. Let m(l) = 3*q(l) - 5*v(l). Give m(-2).
9
Let u(y) = y**2 + 2*y - 3. Let r(b) = -7*b**2 - 14*b + 6. Let a(i) = 6*i**2 + 14*i - 7. Let z(n) = -6*a(n) - 5*r(n). Let t be z(-15). What is u(t)?
0
Let x be (2/(-3))/(3/(-36)). Let a(d) = -2*d**2 + 10*d - x - 6*d**2 - 2*d**2 + 11*d**2. Determine a(-11).
3
Let p(n) = n**2 + 3*n + 1. Let g(h) = h**3 - 14*h**2 - 14*h + 9. Let o be g(15). Suppose -3*v - 25 = 4*w, 0*w - 4*v = 3*w + o. Give p(w).
5
Let d(a) = -14*a**2 - 2*a + 1. Let i be 23/((-3)/(-3)*-1). Let j = -22 - i. Calculate d(j).
-15
Let m(k) = -8*k - 4 - 4*k**2 + 5 + 21 + 3*k**2. Let j be m(-10). Let s(l) = 1 - 1 + 3 - 5*l. Give s(j).
-7
Let o(t) = -5*t + t**3 - 4 - 13*t**2 - 4 + 8*t**2 + 9*t**2 + 1. What is o(-5)?
-7
Let h(m) = m**2 - 27*m - 61. Let o be h(29). Let t(n) = -n**3 + 3*n + 1. Give t(o).
19
Let w(d) = 98*d - 1 - 3 - 96*d - d**3 + 7*d**2 + 0 - 6. What is w(7)?
4
Let c(j) = 2*j**2 + 21*j + 17. Let l(h) = h**2 + 10*h + 8. Let r = 5 + -7. Let u(z) = r*c(z) + 5*l(z). Determine u(-8).
6
Let t(z) = -z**2 + 1 - 2 + 6 - 2*z. Determine t(-6).
-19
Let i be 15*4/12 + -3. Suppose q = i*q - 7. Let b(p) = p - 8. Determine b(q).
-1
Let b(r) = -9*r - 1. Let n(a) be the second derivative of -5/3*a**3 - 4*a - 1/2*a**2 + 0. Let g(w) = -5*b(w) + 4*n(w). What is g(-2)?
-9
Let v(g) = -2*g - 5. Suppose 3*w + 3*x - 3 = -21, 3*x = -6. Give v(w).
3
Let p(l) = l + 9. Suppose 10*u - 9*u = -11. Determine p(u).
-2
Suppose 68*n - 20 = 64*n. Suppose -3*k = 2*k + 5. Let p(q) = q + 1. Let d(g) = 4*g + 3. Let m(o) = k*d(o) + 3*p(o). Determine m(n).
-5
Let i(j) = -j**3 - 8*j**2 - 28*j - 105. Let y be i(-6). Let c(z) = -z**2 - 9*z - 1. Calculate c(y).
-1
Let m(b) = b**3 - 2*b**2 + b + 2. Let t be m(2). Let f(u) be the third derivative of -u**6/120 + u**5/15 - u**4/6 + u**3/3 + 52*u**2. Give f(t).
-14
Let z(p) = -p**2 + 6*p + 11. Let a(l) = 4*l**2 + 6*l + 5. Let w be a(-2). Give z(w).
-16
Let o(z) = -z**2 - 3*z + 1. Suppose -4*t + 34 = -2*t. Suppose 5*l - 2*k + 5 + 13 = 0, 5*l - 3*k + t = 0. Calculate o(l).
-3
Let p(s) be the second derivative of 2*s**3/3 + 11*s + 2. Suppose 3*z = 4*a - 12, -3*a + 4 = 4*z - 5. Calculate p(a).
12
Let q be 3/(-8) + 3/8. Suppose 0 = -n - 4*n - 2*j + 22, 0 = -n - 4*j + 8. Let i = n + q. Let y(c) = -3*c + 6. What is y(i)?
-6
Let a(c) = -41 + 115 + 3*c**2 + c - 39 + 2*c - 33 - c**3. Determine a(4).
-2
Suppose 93 = 41*i - 30. Let w(q) be the first derivative of 5 - q**2 + i*q - 1/3*q**3. Determine w(2).
-5
Let u(z) = -5*z + 19. Let t(m) = -14*m + 60. Let n(r) = 3*t(r) - 10*u(r). Calculate n(4).
22
Suppose -3*k - 4*r - 2 = 0, 3*r - 11 = -4*k - 2. Let v(f) be the third derivative of f**6/120 - 7*f**5/60 + f**4/6 + 4*f**3/3 + 5*f**2. Calculate v(k).
-4
Let r(f) = -10*f**2 - 6*f + 16. Let z(v) = 3*v**2 + v - 5. Let w(u) = -2*r(u) - 7*z(u). Determine w(6).
-3
Let g(a) = -a**3 + 9*a**2 - a + 3. Suppose 0 = p - 231 + 222. Calculate g(p).
-6
Let o be -1 + -1 + 4/1. Let a(h) be the third derivative of -h**4/24 + 7*h**2. What is a(o)?
-2
Let d(w) = -w**3 - 8*w**2 - 4*w - 6. Let z = -42 - -35. What is d(z)?
-27
Let a = -158 + 155. Let s(z) = 1 + 4 - 6 - 2*z. Determine s(a).
5
Suppose 11*l + 0 = 22. Let u be 14/42*((-36)/l)/(-1). Let t(c) = c - 1. What is t(u)?
5
Let p(j) be the first derivative of 2*j**3/3 - 5*j**2 + 10*j - 769. Calculate p(3).
-2
Let j(o) = -5*o**3 - 2*o**2 - 13*o + 4. Let p(x) = -4*x**3 - x**2 - 12*x + 3. Let w(i) = -5*j(i) + 6*p(i). What is w(-5)?
8
Let y(m) = 15*m - 15. Let j be y(1). Let l(f) = -f**2 - 2*f - 20. What is l(j)?
-20
Let h(n) = 4*n - 10. Let s(o) = 12*o - 18. Let l(k) = -5*h(k) + 2*s(k). Determine l(-4).
-2
Suppose -4*f + 22 = -26. Let v be ((-9)/f)/(3/(-8)). Let r(n) be the first derivative of n**3/3 + n**2/2 - 2*n - 2. Give r(v).
4
Let r(p) = p**2 + 33*p - 2171. Let f be r(-66). Let k(n) = 2*n - 6. Let h(q) = -q + 5. Let o(v) = 3*h(v) + 2*k(v). Determine o(f).
10
Let p(z) = z**3 - 3*z**2 - 4*z - 2. Suppose -62*h + 104 = -144. Suppose 7 = 3*u - 26. Suppose -u = 3*t + h, 0 = 4*i - t - 21. Calculate p(i).
-2
Let l(a) = 4*a + 4. Let p be -2 + (1 - 4) + 4. Let m be (p + 0)*-5 + -2. Let f be 0 - (-1)/(m/(-9)). What is l(f)?
-8
Let b(k) = 3*k**2 + 25*k - 23. Let s(v) = v**2 + 12*v - 11. Let y be (12/(-9))/((-12)/45). Let p(d) = y*s(d) - 2*b(d). Calculate p(7).
12
Let w be 5 - (7/(28/(-16)) - -8). Let d(r) = -5*r**2 + r - 1. Calculate d(w).
-5
Let z(d) = 36*d**2 - d - 1. Suppose 2*f + 4 - 5 = -h, 3*h - 2 = -5*f. Calculate z(h).
36
Let j(o) be the second derivative of o**4/12 - o**3/3 + 490*o. Give j(-4).
24
Let s(z) = -2*z**3 - 61*z - 2*z**2 + z**2 - 3 + 58*z - z**2. Determine s(-2).
11
Let u = 16 - 14. Let i(w) = -2 - u*w + 2*w**2 + w**2 - 4*w**2. Give i(-4).
-10
Suppose 3*f + 4*l = -0*l + 28, -2*l = -4*f + 52. Suppose -y - 5*y = f. Let h(q) = 2*q**2 + 2*q - 2. Calculate h(y).
2
Let l(q) = -q**2 + 5*q + 10. Let t be l(6). Let i(v) = 0 + 5 + t*v + 10 - 10. Calculate i(-4).
-11
Let b(d) = d**2 - 6*d + 2. Suppose -5*f + 22 = -3*z + 2*z, 3*z = 5*f - 26. Suppose 0*p - f = -p. What is b(p)?
-6
Let y(h) be the third derivative of -3*h**4/8 - h**3/6 + 3*h**2. Let n(q) = 2*q + 3. Let c be n(-5). Let v(a) = 8*a. Let s(p) = c*v(p) - 6*y(p). Give s(5).
-4
Suppose 195*l - 183*l - 84 = 0. Let z(o) = -o**3 + 8*o**2 - o + 6. What is z(l)?
48
Let w(m) be the third derivative of -m**8/20160 - m**7/1260 + m**6/144 - m**5/30 - 5*m**2. Let d(q) be the third derivative of w(q). Determine d(-4).
5
Let g(n) = -n**2 + 7*n + 2. Let y be (-25)/(-2*-1*(-2)/4). Let w = 32 - y. What is g(w)?
2
Let t(z) = 12 - 8*z - 2*z**3 + z - 2470*z**2 + 2455*z**2. Give t(-7).
12
Let m(s) = s - 2. Let k be m(5). Let j(n) = -4*n**3 + 3*n - 2 + 0 - 4*n**2 - 11*n**3 - 8*n**3 + 24*n**3. Determine j(k).
-2
Suppose 45*f + 319 = -266. Let g(d) = d**3 + 14*d**2 + 10*d - 34. Give g(f).
5
Let w(d) be the second derivative of 11*d**3/6 + 3*d**2 + d + 128. Calculate w(4).
50
Let j(y) be the first derivative of 5 + 8*y + 1/2*y**2. What is j(-6)?
2
Let b = 36 - -10. Let m be b/6 + 5/15. Let q(s) = -3*s**2 - 17*s + 20. Let l(u) = -u**2 - 6*u + 7. Let j(x) = m*l(x) - 3*q(x). Give j(-4).
0
Let b(u) = u. Suppose -5*z - 305 + 115 = 0. Let l = -29 - z. Suppose 11*i = l*i. What is b(i)?
0
Let r(p) = -2*p + 3. Let c(j) = j - 2. Let u(n) = -5*c(n) - 3*r(n). Let f(m) = -3*m - 10. Let t(x) = -f(x) - 2*u(x). Calculate t(-7).
1
Let i(b) be the first derivative of 2*b + 3/2*b**2 + 5 + 1/6*b**3. Let m(f) be the first derivative of i(f). Give m(-5).
-2
Suppose 6*s = 2*s - 24. Let o(m) be the third derivative of -m**4/24 - m**3/6 - m**2. Calculate o(s).
5
Let h(a) be the third derivative of 0 + 0*a + 1/24*a**4 - 1/3*a**3 + 6*a**2. What is h(4)?
2
Suppose -6*o = -2*o - 44. Suppose -3*s + o = -1. Let r(z) = z - 9. What is r(s)?
-5
Let g = 1 + 2. Suppose -2*t = 5*i + 35, 5*i + 13 - 3 = g*t. Let j(h) = h**2 + 7*h + 12. Let m(s) = -s**2 - 7*s - 11. Let w(v) = -6*j(v) - 7*m(v). What is w(t)?
-5
Let d(p) = p**2 + 11*p - 6. Let k be d(-10). Let z = k + 15. Let h(f) = 4*f**3 + f**2 + f. What is h(z)?
-4
Let y = 96 + -97. Let v(m) be the first derivative of 26*m**3/3 - m**2/2 - 9. Gi